?
9
Let t = 6875 + -3902. What is the units digit of t?
3
Suppose -14*j + 6 = -12*j. Suppose 4*f = j*r - 781, f + 821 = 3*r + 5*f. What is the tens digit of r?
6
Suppose 309*i = 295*i + 15736. What is the thousands digit of i?
1
Let g = 3521 - 1780. What is the hundreds digit of g?
7
Let u = 34 + -19. Let b = 22 - u. What is the units digit of b?
7
Let v = -9 - -5. Let h(o) be the second derivative of o**4/12 - o**3/6 - 7*o**2/2 + 31*o. What is the tens digit of h(v)?
1
What is the units digit of -5 - (-417 - 7)/8?
8
Let y(n) = 9*n**3 + 4*n**2 - 3*n - 10. What is the hundreds digit of y(3)?
2
Let z(j) be the third derivative of -j**4/12 + 49*j**3/6 - 25*j**2. What is the tens digit of z(17)?
1
Let k be (-6)/9*3 - -2. Let s(b) = b + 33. What is the units digit of s(k)?
3
Suppose 2*x = -5*z + 783 + 6811, -2*z = 3*x - 3042. What is the tens digit of z/10 - (-9)/45?
5
Let g = -15 - -10. What is the tens digit of (-512)/(-10) + g/25?
5
Let a = 69 - 100. Let m = a + 100. What is the units digit of m?
9
Let c(x) = -x**2 - 12*x - 6. Suppose -j + 3 = 7. Let m(w) = w - 4. Let f be m(j). What is the tens digit of c(f)?
2
Let o(v) = 2*v + 37. Let s(i) = -6*i - 112. Let t(u) = -14*o(u) - 5*s(u). Let r be 0/(3 + 0 + -2). What is the units digit of t(r)?
2
Let y = -1926 - -2713. What is the tens digit of y?
8
Suppose -3*a + 2451 = 4*g, -472 + 2921 = 4*g + a. What is the hundreds digit of g?
6
Suppose 21126 = 27*r - 906. What is the hundreds digit of r?
8
Suppose -k = 13 + 11. Let n be (6/k)/((-2)/296). Suppose b + 9 - n = 0. What is the tens digit of b?
2
Let c(t) be the first derivative of -t**2/2 - 2*t - 1. Let g be c(-5). Suppose -n = -g*n + 30. What is the tens digit of n?
1
Let f(z) = 18*z + 1. Let g be f(1). Suppose -16 = 4*a, 76 = -5*c + 5*a - g. What is the tens digit of (c - -2)*(-6)/9?
1
Let g(i) = -3*i**3 - 3*i**2 - 9*i + 14. What is the hundreds digit of g(-7)?
9
Let l be 33/(-55)*(-6 + 1). Let k be (24/10)/(l/(-10)). What is the units digit of (-2)/k - (-295)/4?
4
Suppose 0 = 2*z - 4*v - 3710, 5*v + 516 = 491. What is the units digit of z?
5
Let r(z) = -1 + z + 3 - 5. Let x be r(6). Suppose -4*n + 153 = x*b, -4*n + 2 = -10. What is the units digit of b?
7
Let x(h) = 2*h**3 + 10*h**2 - 4*h - 17. What is the thousands digit of x(9)?
2
Let b = 897 - 609. What is the units digit of ((-2)/(-3))/(6/b)?
2
Suppose r + 11 - 3 = 0. Let a(j) = -7*j**2 - 12*j - 12. Let w(z) = 6*z**2 + 11*z + 11. Let p(f) = 5*a(f) + 6*w(f). What is the units digit of p(r)?
2
Let p(n) = 6*n**2 - 26*n + 108. What is the hundreds digit of p(-23)?
8
Let f = -330 + 531. Suppose 0 = 3*c + 4*y - 195, -5*y + f - 9 = 3*c. Suppose p - 2*u - c = -2*p, 0 = -5*p + u + 115. What is the units digit of p?
3
Let r(a) = 46*a - 37. Let d = -112 + 119. What is the tens digit of r(d)?
8
Suppose 9*s = 132292 + 64358. What is the hundreds digit of s/90 + (-2)/(-9)?
2
Let j(p) = -p**3 - 11*p**2 - 12*p + 22. Let y be 6/(-14) - (-222)/(-21). What is the units digit of j(y)?
4
Let u = 78 + -80. Let v(c) = -2*c**3 + 2*c + 3. What is the tens digit of v(u)?
1
Suppose -13*c = -15*c + 876. What is the tens digit of c?
3
Suppose 5*f + 4*t - 2227 = 0, 5*f = -3*t + 1838 + 391. What is the tens digit of f?
4
What is the units digit of 2/(-6) + (-15808)/(-57)?
7
Suppose 5*s = -4*y + 262 + 255, 407 = 4*s + y. What is the tens digit of s?
0
Let f = 32 + -24. Let b(k) = 3*k**2 - 5*k + 8. What is the tens digit of b(f)?
6
Let f = 53 - 23. Suppose -2 = -3*u - 2*x + 3, 3*u = 3*x + f. Suppose p - 2 = u. What is the units digit of p?
7
Let p = -273 - -651. What is the tens digit of p?
7
Let i be -3 + 3/(-4) + (-590)/(-8). Suppose -u = -i - 36. What is the units digit of u?
6
Let i(k) = -24*k + 8 + 2 - 2. What is the tens digit of i(-4)?
0
Let j(z) = -39*z - 5. Let o be j(3). Let k = 268 + o. Suppose -2*i = -5*q + k, -3*i + 11 = -q + 48. What is the units digit of q?
8
Let u(o) = -o**2 - 8*o - 13. Let g be u(-4). Suppose 5*a - g*p - 268 = 0, 4*p + 3 + 1 = 0. What is the units digit of a?
3
Let p be ((-9)/(-6) - 3) + (-2075)/(-10). Let k = -76 + p. What is the units digit of k?
0
Let w be (-8)/(-2) - (-1 + 5). What is the tens digit of (-2 - -31) + w/(-9)?
2
Let c be 481/1 - (7 + -2). Let j = c + -287. What is the tens digit of j?
8
Let b(g) = -5*g**2 + 29*g - 4. Let q(h) = -h**2 + h - 1. Let d(m) = -b(m) + 2*q(m). What is the tens digit of d(12)?
1
Let n(b) = -17*b - 12. Let k be n(-13). Suppose w - 4*g - 348 + 94 = 0, -5*g + k = w. What is the units digit of w?
4
Suppose m + 2*m = -4*p + 393, 0 = 3*p - 5*m - 273. Let t = -46 + p. What is the units digit of t?
0
Let g = 122 + 101. What is the hundreds digit of g?
2
Suppose -4*d = -4*z - 8 - 0, -3*z - 4 = -2*d. Suppose 17*u - 7*u - 670 = z. What is the units digit of u?
7
Suppose -5 = -3*y + 8*y. Let c be (1 - 0) + 11/y. What is the tens digit of (-2)/10 + (-252)/c?
2
Let w = 1749 + -722. What is the thousands digit of w?
1
Suppose -h + 2843 = -67. What is the thousands digit of h?
2
Suppose 1305 = -19*q + 22*q. What is the hundreds digit of q?
4
What is the units digit of (-36 - -1541) + -3 + 4 + -2?
4
Suppose -12*o + 21*o - 1782 = 0. What is the units digit of o?
8
Let z(w) = 2*w**2 + 0*w - 3*w**2 - 8*w + 8. Let u be z(-7). Suppose y - c - 7 = -0*y, 0 = y - 5*c - u. What is the units digit of y?
5
Suppose -15 - 9 = -d. Let w be d*(-5)/(40/6). Let p = -12 - w. What is the units digit of p?
6
Let j(q) = 2*q**2 - 7*q + 11. Suppose 5*v = d - 13, 4*d + 2*v + 0*v = 30. What is the tens digit of j(d)?
8
Let k(y) = 168*y + 510. What is the tens digit of k(11)?
5
Let g(r) = 2*r**2 - 5*r - 1. Let i be (3 - 3) + 2 + 1. Let v be g(i). Suppose 5*m - v = 193. What is the units digit of m?
9
Let u(p) = 3*p**2 - 3*p - 93. What is the hundreds digit of u(-13)?
4
Let u be 1/(7 - 9) - 21/(-6). Let q = 280 - 184. Suppose m - u*m = -q. What is the tens digit of m?
4
Let r(a) = -a**2 + 1. Let f(o) = 2*o**3 + 6*o**2 - 7*o - 17. Let v(q) = -f(q) - 2*r(q). What is the hundreds digit of v(-5)?
1
Let k(i) = 114*i**2 - 12*i + 30. What is the units digit of k(3)?
0
Suppose 0 = -6*s + 8*s - 32. Let c = 22 - s. Suppose 175 = -h + c*h. What is the units digit of h?
5
Let p = 2582 + 2030. What is the units digit of p?
2
Let n(j) = 10*j**3 + 3*j**2 - 5*j - 1. Let a be n(2). Let p = -4 + a. What is the tens digit of p?
7
Suppose 3*f + 5*k = 1538, -5*f + 3*k - k = -2553. What is the tens digit of f?
1
Let v(j) be the second derivative of -j**5/10 + 5*j**3/6 + j**2 - 2*j. Let r be 5*(-3 + 24/10). What is the units digit of v(r)?
1
Suppose -2*j = -178 + 34. Suppose -17*h + 26*h + 189 = 0. Let f = j + h. What is the units digit of f?
1
What is the units digit of (-2 + -2)*8245/(-68)?
5
Suppose n = 16 - 1. Let v = n + -13. What is the units digit of v?
2
Suppose -16504 - 15846 = -25*b. What is the units digit of b?
4
Let f(s) = -5*s - 14. Let v = 20 + -48. What is the units digit of f(v)?
6
Let q be (2/2 - 49)/(6/12). Let f = 185 + q. What is the units digit of f?
9
Let t = 308 + -596. Let n = t - -136. What is the tens digit of (n/(-12))/((-6)/(-36))?
7
Let j(y) be the second derivative of -y**5/20 - 13*y**4/6 + 7*y**3/2 - 31*y**2/2 - 9*y. What is the hundreds digit of j(-27)?
1
Suppose z = -1 + 4. Suppose -8 = c - z*c. Suppose -o - 5*s + 18 = 0, 0*s = -c*s. What is the units digit of o?
8
Let m(x) = 4*x**2 + 249*x + 150. What is the hundreds digit of m(-78)?
0
Let n = 511 + -461. What is the units digit of n?
0
Suppose 1079 = 2*g + 69. What is the tens digit of g?
0
Let n = -9 - -10. Suppose -2*j - n = -11. Suppose -j*w + 57 = u, 5*w - u = 4*u + 75. What is the units digit of w?
2
Let h be ((-60)/16)/(9/408). Let n = -104 - h. Suppose -5*x - 47 = -4*s, -4*x = 5*s - 3*x - n. What is the tens digit of s?
1
Let l(n) = 191*n**2 - 15*n - 66. What is the tens digit of l(-3)?
9
Suppose 3*j + 5*m = 273, 41 = j - 5*m - 70. Let g = j - 43. What is the units digit of g?
3
What is the hundreds digit of (0 + 1)*(-6)/2 + 156?
1
Let h(o) = -4*o + o + o + 9. Suppose 4*p + 40 = -p. What is the units digit of h(p)?
5
Let a(s) = -29*s**3 - 5*s**2 - s + 2. Let j be a(-3). Let p = -408 + j. What is the hundreds digit of p?
3
Let v be (-29)/(-5) - 24/30. Let a(t) = v + 2*t**2 + 2*t**2 + 7*t - 3*t**2 + 2*t**2. What is the 